{"id":612,"date":"2025-05-23T07:44:56","date_gmt":"2025-05-23T05:44:56","guid":{"rendered":"https:\/\/t-print.hu\/?page_id=612"},"modified":"2025-06-16T23:14:53","modified_gmt":"2025-06-16T21:14:53","slug":"elerhetoseg","status":"publish","type":"page","link":"https:\/\/t-print.hu\/?page_id=612","title":{"rendered":"El\u00e9rhet\u0151s\u00e9g"},"content":{"rendered":"<p>[et_pb_section fb_built=&#8221;1&#8243; _builder_version=&#8221;4.27.4&#8243; _module_preset=&#8221;default&#8221; global_colors_info=&#8221;{}&#8221;][et_pb_row _builder_version=&#8221;4.27.4&#8243; _module_preset=&#8221;default&#8221; global_colors_info=&#8221;{}&#8221;][et_pb_column type=&#8221;4_4&#8243; _builder_version=&#8221;4.27.4&#8243; _module_preset=&#8221;default&#8221; global_colors_info=&#8221;{}&#8221;][et_pb_text _builder_version=&#8221;4.27.4&#8243; _module_preset=&#8221;default&#8221; global_colors_info=&#8221;{}&#8221;]<\/p>\n<p><span style=\"text-decoration: underline;\"><strong>NYITVATART\u00c1S:<\/p>\n<p><\/strong><\/span><strong>H\u00e9tf\u0151 &#8211; Cs\u00fct\u00f6rt\u00f6k:<br \/><\/strong>8.00 &#8211; 12.00 \u00f3r\u00e1ig<br \/>13.00 &#8211; 16.30-ig<\/p>\n<p><strong><\/strong><strong>P\u00e9nteken: <\/strong>8.00 &#8211; 12.00 \u00f3r\u00e1ig<\/p>\n<p><strong><\/strong><\/p>\n<p><strong>Telephely: 7100 Szeksz\u00e1rd,\u00a0Holub utca 10.<\/strong><\/p>\n<table width=\"343\">\n<tbody>\n<tr>\n<td>Telefon:<\/td>\n<td>74\/511-460<\/td>\n<\/tr>\n<tr>\n<td><\/td>\n<td>+36 20\/936 26 26<\/td>\n<\/tr>\n<tr>\n<td>E-mail:<\/td>\n<td>info@t-print.hu<\/td>\n<\/tr>\n<tr>\n<td>Ad\u00f3sz\u00e1m:<\/td>\n<td>11803450-2-42<\/td>\n<\/tr>\n<tr>\n<td>C\u00e9gjegyz\u00e9ksz\u00e1m:<\/td>\n<td>01-09-184473<\/td>\n<\/tr>\n<\/tbody>\n<\/table>\n<p>El\u0151zetes egyeztet\u00e9s alapj\u00e1n budapesti \u00fcgyfeleinket v\u00e1rjuk sz\u00e9khely\u00fcnk\u00f6n<\/p>\n<table width=\"336\">\n<tbody>\n<tr>\n<td>Telefon:<\/td>\n<td>+36 20\/936 26 26<\/td>\n<\/tr>\n<tr>\n<td>C\u00edm:<\/td>\n<td>1078 Budapest, Nefelejcs utca 57.<\/td>\n<\/tr>\n<\/tbody>\n<\/table>\n<p>[\/et_pb_text][\/et_pb_column][\/et_pb_row][et_pb_row _builder_version=&#8221;4.27.4&#8243; _module_preset=&#8221;default&#8221; global_colors_info=&#8221;{}&#8221;][et_pb_column type=&#8221;4_4&#8243; _builder_version=&#8221;4.27.4&#8243; _module_preset=&#8221;default&#8221; global_colors_info=&#8221;{}&#8221;][et_pb_image src=&#8221;https:\/\/t-print.hu\/wp-content\/uploads\/2025\/05\/T-Print_TERKEP.png&#8221; title_text=&#8221;T-Print_TERKEP&#8221; _builder_version=&#8221;4.27.4&#8243; _module_preset=&#8221;default&#8221; global_colors_info=&#8221;{}&#8221;][\/et_pb_image][et_pb_image src=&#8221;https:\/\/t-print.hu\/wp-content\/uploads\/2025\/06\/ARD03715.jpg&#8221; title_text=&#8221;T-print&#8221; _builder_version=&#8221;4.27.4&#8243; _module_preset=&#8221;default&#8221; hover_enabled=&#8221;0&#8243; global_colors_info=&#8221;{}&#8221; sticky_enabled=&#8221;0&#8243;][\/et_pb_image][et_pb_image src=&#8221;https:\/\/t-print.hu\/wp-content\/uploads\/2025\/06\/ARD03718.jpg&#8221; title_text=&#8221;T-Print Kft.&#8221; _builder_version=&#8221;4.27.4&#8243; _module_preset=&#8221;default&#8221; hover_enabled=&#8221;0&#8243; global_colors_info=&#8221;{}&#8221; sticky_enabled=&#8221;0&#8243;][\/et_pb_image][\/et_pb_column][\/et_pb_row][\/et_pb_section]<\/p>\n","protected":false},"excerpt":{"rendered":"<p>NYITVATART\u00c1S: H\u00e9tf\u0151 &#8211; Cs\u00fct\u00f6rt\u00f6k:8.00 &#8211; 12.00 \u00f3r\u00e1ig13.00 &#8211; 16.30-ig P\u00e9nteken: 8.00 &#8211; 12.00 \u00f3r\u00e1ig Telephely: 7100 Szeksz\u00e1rd,\u00a0Holub utca 10. Telefon: 74\/511-460 +36 20\/936 26 26 E-mail: info@t-print.hu Ad\u00f3sz\u00e1m: 11803450-2-42 C\u00e9gjegyz\u00e9ksz\u00e1m: 01-09-184473 El\u0151zetes egyeztet\u00e9s alapj\u00e1n budapesti \u00fcgyfeleinket v\u00e1rjuk sz\u00e9khely\u00fcnk\u00f6n Telefon: +36 20\/936 26 26 C\u00edm: 1078 Budapest, Nefelejcs utca 57.<\/p>\n","protected":false},"author":7,"featured_media":0,"parent":0,"menu_order":0,"comment_status":"closed","ping_status":"closed","template":"","meta":{"_et_pb_use_builder":"on","_et_pb_old_content":"","_et_gb_content_width":"","footnotes":""},"class_list":["post-612","page","type-page","status-publish","hentry"],"aioseo_notices":[],"_links":{"self":[{"href":"https:\/\/t-print.hu\/index.php?rest_route=\/wp\/v2\/pages\/612","targetHints":{"allow":["GET"]}}],"collection":[{"href":"https:\/\/t-print.hu\/index.php?rest_route=\/wp\/v2\/pages"}],"about":[{"href":"https:\/\/t-print.hu\/index.php?rest_route=\/wp\/v2\/types\/page"}],"author":[{"embeddable":true,"href":"https:\/\/t-print.hu\/index.php?rest_route=\/wp\/v2\/users\/7"}],"replies":[{"embeddable":true,"href":"https:\/\/t-print.hu\/index.php?rest_route=%2Fwp%2Fv2%2Fcomments&post=612"}],"version-history":[{"count":5,"href":"https:\/\/t-print.hu\/index.php?rest_route=\/wp\/v2\/pages\/612\/revisions"}],"predecessor-version":[{"id":668,"href":"https:\/\/t-print.hu\/index.php?rest_route=\/wp\/v2\/pages\/612\/revisions\/668"}],"wp:attachment":[{"href":"https:\/\/t-print.hu\/index.php?rest_route=%2Fwp%2Fv2%2Fmedia&parent=612"}],"curies":[{"name":"wp","href":"https:\/\/api.w.org\/{rel}","templated":true}]}}