{"id":32,"date":"2013-06-11T16:16:44","date_gmt":"2013-06-11T14:16:44","guid":{"rendered":"http:\/\/t-print.hu\/?page_id=32"},"modified":"2025-06-16T23:11:13","modified_gmt":"2025-06-16T21:11:13","slug":"rolunk","status":"publish","type":"page","link":"https:\/\/t-print.hu\/?page_id=32","title":{"rendered":"R\u00f3lunk"},"content":{"rendered":"<p>[et_pb_section fb_built=&#8221;1&#8243; admin_label=&#8221;section&#8221; _builder_version=&#8221;4.16&#8243; global_colors_info=&#8221;{}&#8221;][et_pb_row admin_label=&#8221;row&#8221; _builder_version=&#8221;4.16&#8243; background_size=&#8221;initial&#8221; background_position=&#8221;top_left&#8221; background_repeat=&#8221;repeat&#8221; global_colors_info=&#8221;{}&#8221;][et_pb_column type=&#8221;4_4&#8243; _builder_version=&#8221;4.16&#8243; custom_padding=&#8221;|||&#8221; global_colors_info=&#8221;{}&#8221; custom_padding__hover=&#8221;|||&#8221;][et_pb_text admin_label=&#8221;Text&#8221; _builder_version=&#8221;4.16&#8243; background_size=&#8221;initial&#8221; background_position=&#8221;top_left&#8221; background_repeat=&#8221;repeat&#8221; hover_enabled=&#8221;0&#8243; global_colors_info=&#8221;{}&#8221; sticky_enabled=&#8221;0&#8243;]<\/p>\n<div id=\"Layer1\">\n<p data-start=\"259\" data-end=\"508\" style=\"text-align: center;\">Csal\u00e1di v\u00e1llalkoz\u00e1sk\u00e9nt 1989 \u00f3ta vagyunk jelen a rekl\u00e1mdekor\u00e1ci\u00f3 vil\u00e1g\u00e1ban. K\u00f6vetj\u00fck a technol\u00f3giai fejl\u0151d\u00e9st, m\u00e1ra f\u0151 profilunk a dekor\u00e1ci\u00f3k k\u00e9sz\u00edt\u00e9se, az \u00f6ntapad\u00f3s matric\u00e1k gy\u00e1rt\u00e1sa, valamint a roll-upok, molin\u00f3k \u00e9s c\u00e9gt\u00e1bl\u00e1k k\u00e9sz\u00edt\u00e9se.<\/p>\n<p data-start=\"510\" data-end=\"785\" style=\"text-align: center;\">A szitanyom\u00e1s mellett el\u00e9rhet\u0151 n\u00e1lunk a DTF nyomtat\u00e1s is, amely lehet\u0151v\u00e9 teszi egyedi mint\u00e1k, log\u00f3k felvitel\u00e9t p\u00f3l\u00f3kra, munkaruh\u00e1kra \u00e9s m\u00e1s textil term\u00e9kekre \u2013 tart\u00f3s, r\u00e9szletgazdag kivitelben.<\/p>\n<p data-start=\"787\" data-end=\"920\" style=\"text-align: center;\">Legyen sz\u00f3 c\u00e9ges arculatr\u00f3l, rendezv\u00e9nyeszk\u00f6z\u00f6kr\u0151l vagy egyedi ig\u00e9nyekr\u0151l \u2013 seg\u00edt\u00fcnk a megval\u00f3s\u00edt\u00e1sban a tervez\u00e9st\u0151l a kivitelez\u00e9sig.<\/p>\n<p data-start=\"922\" data-end=\"1061\" style=\"text-align: center;\">L\u00e1togasson meg minket szem\u00e9lyesen vagy vegye fel vel\u00fcnk a kapcsolatot online \u2013 \u00f6r\u00f6mmel seg\u00edt\u00fcnk!<br data-start=\"1015\" data-end=\"1018\" \/><strong data-start=\"1018\" data-end=\"1061\"><\/strong><\/p>\n<p data-start=\"922\" data-end=\"1061\" style=\"text-align: center;\"><strong data-start=\"1018\" data-end=\"1061\">T-Print Kft.<\/strong><\/p>\n<\/div>\n<p>[\/et_pb_text][et_pb_image src=&#8221;https:\/\/t-print.hu\/wp-content\/uploads\/2025\/06\/ARD03840.jpg&#8221; _builder_version=&#8221;4.27.4&#8243; _module_preset=&#8221;default&#8221; title_text=&#8221;ARD03840&#8243; align=&#8221;center&#8221; hover_enabled=&#8221;0&#8243; sticky_enabled=&#8221;0&#8243; width=&#8221;25%&#8221; max_width=&#8221;100%&#8221;][\/et_pb_image][et_pb_text admin_label=&#8221;Text&#8221; _builder_version=&#8221;4.16&#8243; background_size=&#8221;initial&#8221; background_position=&#8221;top_left&#8221; background_repeat=&#8221;repeat&#8221; hover_enabled=&#8221;0&#8243; global_colors_info=&#8221;{}&#8221; sticky_enabled=&#8221;0&#8243;]<\/p>\n<div id=\"Layer1\">\n<p data-start=\"922\" data-end=\"1061\" style=\"text-align: center;\"><strong style=\"font-size: 14px;\">\u00c1rvai Tam\u00e1s<br \/><\/strong>\u00fcgyvezet\u0151<\/p>\n<\/div>\n<p>[\/et_pb_text][\/et_pb_column][\/et_pb_row][\/et_pb_section]<\/p>\n","protected":false},"excerpt":{"rendered":"<p>Csal\u00e1di v\u00e1llalkoz\u00e1sk\u00e9nt 1989 \u00f3ta vagyunk jelen a rekl\u00e1mdekor\u00e1ci\u00f3 vil\u00e1g\u00e1ban. K\u00f6vetj\u00fck a technol\u00f3giai fejl\u0151d\u00e9st, m\u00e1ra f\u0151 profilunk a dekor\u00e1ci\u00f3k k\u00e9sz\u00edt\u00e9se, az \u00f6ntapad\u00f3s matric\u00e1k gy\u00e1rt\u00e1sa, valamint a roll-upok, molin\u00f3k \u00e9s c\u00e9gt\u00e1bl\u00e1k k\u00e9sz\u00edt\u00e9se. A szitanyom\u00e1s mellett el\u00e9rhet\u0151 n\u00e1lunk a DTF nyomtat\u00e1s is, amely lehet\u0151v\u00e9 teszi egyedi mint\u00e1k, log\u00f3k felvitel\u00e9t p\u00f3l\u00f3kra, munkaruh\u00e1kra \u00e9s m\u00e1s textil term\u00e9kekre \u2013 tart\u00f3s, r\u00e9szletgazdag [&hellip;]<\/p>\n","protected":false},"author":1,"featured_media":0,"parent":0,"menu_order":0,"comment_status":"closed","ping_status":"closed","template":"","meta":{"_et_pb_use_builder":"on","_et_pb_old_content":"<div id=\"Layer1\">\r\n<p style=\"text-align: center;\" align=\"left\"><span style=\"color: #000000; font-family: Garamond_PFL; font-size: medium;\">V\u00e1llalkoz\u00e1sunk csal\u00e1di v\u00e1llalkoz\u00e1sk\u00e9nt j\u00f6tt l\u00e9tre 1989. \u00e9vben.\u00a0Alaptev\u00e9kenys\u00e9g\u00fcnk a szitanyom\u00e1ssal elk\u00e9sz\u00edthet\u00f5 term\u00e9kek\u00a0nyomtat\u00e1sa. Ezen ter\u00fcleten bel\u00fcl megrendel\u00f5ink f\u00f5leg a rekl\u00e1m\u00a0anyagaik kivitelez\u00e9s\u00e9vel, tervez\u00e9s\u00e9vel b\u00edznak meg benn\u00fcnket, de\u00a0ipari jelleg\u00fb embl\u00e9m\u00e1z\u00e1si, feliratoz\u00e1si feladatokat is v\u00e9gz\u00fcnk.\u00a0M\u00e1sik tev\u00e9kenys\u00e9gi k\u00f6r\u00fcnk a c\u00e9gt\u00e1bl\u00e1k, dekor\u00e1ci\u00f3k k\u00e9sz\u00edt\u00e9se mely\u00a0szint\u00e9n a rekl\u00e1mszolg\u00e1ltat\u00e1si ter\u00fclethez kapcsol\u00f3dik.\u00a0C\u00e9lunk a helyi ig\u00e9nyek kiel\u00e9g\u00edt\u00e9se min\u00f5s\u00e9gi szolg\u00e1ltat\u00e1ssal.\u00a0Keressen benn\u00fcnket az interneten, vagy szeretettel v\u00e1rjuk m\u00fbhely\u00fcnkben.<\/span><\/p>\r\n<p style=\"text-align: center;\" align=\"left\"><span style=\"color: #000000; font-family: Garamond_PFL; font-size: medium;\">\r\nRem\u00e9lj\u00fck \u00d6nt is r\u00f6videsen partnereink k\u00f6z\u00f6tt \u00fcdv\u00f6z\u00f6lhetj\u00fck!<\/span><\/p>\r\n<p style=\"text-align: center;\" align=\"left\"><span style=\"color: #000000; font-family: Garamond_PFL; font-size: medium;\">Tisztelettel:<\/span><\/p>\r\n\r\n<a href=\"http:\/\/t-print.hu\/wp-content\/uploads\/2020\/02\/IMG_1676_DD_retus-2.jpg\"><img src=\"http:\/\/t-print.hu\/wp-content\/uploads\/2020\/02\/IMG_1676_DD_retus-2-300x240.jpg\" alt=\"IMG_1676_DD_retus-2\" width=\"300\" height=\"240\" class=\"aligncenter size-medium wp-image-530\" \/><\/a>\r\n<p style=\"text-align: center;\" align=\"left\">\u00a0<strong>\u00c1rvai Tam\u00e1s<\/strong>\r\n\u00fcgyvezet\u0151<\/p>\r\n\r\n<\/div>","_et_gb_content_width":"","footnotes":""},"class_list":["post-32","page","type-page","status-publish","hentry"],"aioseo_notices":[],"_links":{"self":[{"href":"https:\/\/t-print.hu\/index.php?rest_route=\/wp\/v2\/pages\/32","targetHints":{"allow":["GET"]}}],"collection":[{"href":"https:\/\/t-print.hu\/index.php?rest_route=\/wp\/v2\/pages"}],"about":[{"href":"https:\/\/t-print.hu\/index.php?rest_route=\/wp\/v2\/types\/page"}],"author":[{"embeddable":true,"href":"https:\/\/t-print.hu\/index.php?rest_route=\/wp\/v2\/users\/1"}],"replies":[{"embeddable":true,"href":"https:\/\/t-print.hu\/index.php?rest_route=%2Fwp%2Fv2%2Fcomments&post=32"}],"version-history":[{"count":15,"href":"https:\/\/t-print.hu\/index.php?rest_route=\/wp\/v2\/pages\/32\/revisions"}],"predecessor-version":[{"id":664,"href":"https:\/\/t-print.hu\/index.php?rest_route=\/wp\/v2\/pages\/32\/revisions\/664"}],"wp:attachment":[{"href":"https:\/\/t-print.hu\/index.php?rest_route=%2Fwp%2Fv2%2Fmedia&parent=32"}],"curies":[{"name":"wp","href":"https:\/\/api.w.org\/{rel}","templated":true}]}}

Rólunk

<p>[et_pb_section fb_built=&#8221;1&#8243; admin_label=&#8221;section&#8221; _builder_version=&#8221;4.16&#8243; global_colors_info=&#8221;{}&#8221;][et_pb_row admin_label=&#8221;row&#8221; _builder_version=&#8221;4.16&#8243; background_size=&#8221;initial&#8221; background_position=&#8221;top_left&#8221; background_repeat=&#8221;repeat&#8221; global_colors_info=&#8221;{}&#8221;][et_pb_column type=&#8221;4_4&#8243; _builder_version=&#8221;4.16&#8243; custom_padding=&#8221;|||&#8221; global_colors_info=&#8221;{}&#8221; custom_padding__hover=&#8221;|||&#8221;][et_pb_text admin_label=&#8221;Text&#8221; _builder_version=&#8221;4.16&#8243; background_size=&#8221;initial&#8221; background_position=&#8221;top_left&#8221; background_repeat=&#8221;repeat&#8221; hover_enabled=&#8221;0&#8243; global_colors_info=&#8221;{}&#8221; sticky_enabled=&#8221;0&#8243;]</p>
<div id="Layer1">
<p data-start="259" data-end="508" style="text-align: center;">Családi vállalkozásként 1989 óta vagyunk jelen a reklámdekoráció világában. Követjük a technológiai fejlődést, mára fő profilunk a dekorációk készítése, az öntapadós matricák gyártása, valamint a roll-upok, molinók és cégtáblák készítése.</p>
<p data-start="510" data-end="785" style="text-align: center;">A szitanyomás mellett elérhető nálunk a DTF nyomtatás is, amely lehetővé teszi egyedi minták, logók felvitelét pólókra, munkaruhákra és más textil termékekre – tartós, részletgazdag kivitelben.</p>
<p data-start="787" data-end="920" style="text-align: center;">Legyen szó céges arculatról, rendezvényeszközökről vagy egyedi igényekről – segítünk a megvalósításban a tervezéstől a kivitelezésig.</p>
<p data-start="922" data-end="1061" style="text-align: center;">Látogasson meg minket személyesen vagy vegye fel velünk a kapcsolatot online – örömmel segítünk!<br data-start="1015" data-end="1018" /><strong data-start="1018" data-end="1061"></strong></p>
<p data-start="922" data-end="1061" style="text-align: center;"><strong data-start="1018" data-end="1061">T-Print Kft.</strong></p>
</div>
<p>[/et_pb_text][et_pb_image src=&#8221;https://t-print.hu/wp-content/uploads/2025/06/ARD03840.jpg&#8221; _builder_version=&#8221;4.27.4&#8243; _module_preset=&#8221;default&#8221; title_text=&#8221;ARD03840&#8243; align=&#8221;center&#8221; hover_enabled=&#8221;0&#8243; sticky_enabled=&#8221;0&#8243; width=&#8221;25%&#8221; max_width=&#8221;100%&#8221;][/et_pb_image][et_pb_text admin_label=&#8221;Text&#8221; _builder_version=&#8221;4.16&#8243; background_size=&#8221;initial&#8221; background_position=&#8221;top_left&#8221; background_repeat=&#8221;repeat&#8221; hover_enabled=&#8221;0&#8243; global_colors_info=&#8221;{}&#8221; sticky_enabled=&#8221;0&#8243;]</p>
<div id="Layer1">
<p data-start="922" data-end="1061" style="text-align: center;"><strong style="font-size: 14px;">Árvai Tamás<br /></strong>ügyvezető</p>
</div>
<p>[/et_pb_text][/et_pb_column][/et_pb_row][/et_pb_section]</p>

<p>Családi vállalkozásként 1989 óta vagyunk jelen a reklámdekoráció világában. Követjük a technológiai fejlődést, mára fő profilunk a dekorációk készítése, az öntapadós matricák gyártása, valamint a roll-upok, molinók és cégtáblák készítése. A szitanyomás mellett elérhető nálunk a DTF nyomtatás is, amely lehetővé teszi egyedi minták, logók felvitelét pólókra, munkaruhákra és más textil termékekre – tartós, részletgazdag [&hellip;]</p>

<div id="Layer1">
<p style="text-align: center;" align="left"><span style="color: #000000; font-family: Garamond_PFL; font-size: medium;">Vállalkozásunk családi vállalkozásként jött létre 1989. évben. Alaptevékenységünk a szitanyomással elkészíthetõ termékek nyomtatása. Ezen területen belül megrendelõink fõleg a reklám anyagaik kivitelezésével, tervezésével bíznak meg bennünket, de ipari jellegû emblémázási, feliratozási feladatokat is végzünk. Másik tevékenységi körünk a cégtáblák, dekorációk készítése mely szintén a reklámszolgáltatási területhez kapcsolódik. Célunk a helyi igények kielégítése minõségi szolgáltatással. Keressen bennünket az interneten, vagy szeretettel várjuk mûhelyünkben.</span></p>
<p style="text-align: center;" align="left"><span style="color: #000000; font-family: Garamond_PFL; font-size: medium;">
Reméljük Önt is rövidesen partnereink között üdvözölhetjük!</span></p>
<p style="text-align: center;" align="left"><span style="color: #000000; font-family: Garamond_PFL; font-size: medium;">Tisztelettel:</span></p>

<a href="http://t-print.hu/wp-content/uploads/2020/02/IMG_1676_DD_retus-2.jpg"><img src="http://t-print.hu/wp-content/uploads/2020/02/IMG_1676_DD_retus-2-300x240.jpg" alt="IMG_1676_DD_retus-2" width="300" height="240" class="aligncenter size-medium wp-image-530" /></a>
<p style="text-align: center;" align="left"> <strong>Árvai Tamás</strong>
ügyvezető</p>

</div>
