{"id":29,"date":"2013-06-11T16:12:33","date_gmt":"2013-06-11T14:12:33","guid":{"rendered":"http:\/\/t-print.hu\/?page_id=29"},"modified":"2025-05-22T14:49:25","modified_gmt":"2025-05-22T12:49:25","slug":"elerhetosegek","status":"publish","type":"page","link":"https:\/\/t-print.hu\/?page_id=29","title":{"rendered":"El\u00e9rhet\u0151s\u00e9gek"},"content":{"rendered":"<p>[et_pb_section admin_label=&#8221;section&#8221;]<br \/>\n\t\t\t[et_pb_row admin_label=&#8221;row&#8221;]<br \/>\n\t\t\t\t[et_pb_column type=&#8221;4_4&#8243;][et_pb_text admin_label=&#8221;Text&#8221;]T-Print Kft.<\/p>\n<p><strong>Telephely: 7100 Szeksz\u00e1rd,\u00a0Holub utca 10.<\/strong><\/p>\n<table style=\"height: 196px;\" width=\"343\">\n<tbody>\n<tr>\n<td style=\"height: 10px;\">Telefon:<\/td>\n<td style=\"height: 10px;\">74\/511-460<\/td>\n<\/tr>\n<tr>\n<td style=\"height: 10px;\"><\/td>\n<td style=\"height: 10px;\">+36 20\/936 26 26<\/td>\n<\/tr>\n<tr>\n<td style=\"height: 10px;\">E-mail:<\/td>\n<td style=\"height: 10px;\">info@t-print.hu<\/td>\n<\/tr>\n<tr>\n<td style=\"height: 10px;\">Ad\u00f3sz\u00e1m:<\/td>\n<td style=\"height: 10px;\">11803450-2-42<\/td>\n<\/tr>\n<tr>\n<td style=\"height: 10px;\">C\u00e9gjegyz\u00e9ksz\u00e1m:<\/td>\n<td style=\"height: 10px;\">01-09-184473<\/td>\n<\/tr>\n<\/tbody>\n<\/table>\n<p>El\u0151zetes egyeztet\u00e9s alapj\u00e1n budapesti \u00fcgyfeleinket v\u00e1rjuk sz\u00e9khely\u00fcnk\u00f6n<\/p>\n<table style=\"height: 65px;\" width=\"336\">\n<tbody>\n<tr>\n<td style=\"height: 10px;\">Telefon:<\/td>\n<td style=\"height: 10px;\">+36 20\/936 26 26<\/td>\n<\/tr>\n<tr>\n<td style=\"height: 10px;\">C\u00edm:<\/td>\n<td style=\"height: 10px;\">1078 Budapest, Nefelejcs utca 57.<\/td>\n<\/tr>\n<\/tbody>\n<\/table>\n<p><a href=\"https:\/\/t-print.hu\/wp-content\/uploads\/2025\/03\/tprint_holubutca_terkep.png\"><img loading=\"lazy\" decoding=\"async\" src=\"https:\/\/t-print.hu\/wp-content\/uploads\/2025\/03\/tprint_holubutca_terkep.png\" alt=\"tprint_holubutca_terkep\" width=\"600\" height=\"338\" class=\"alignnone size-full wp-image-538\" srcset=\"https:\/\/t-print.hu\/wp-content\/uploads\/2025\/03\/tprint_holubutca_terkep.png 1366w, https:\/\/t-print.hu\/wp-content\/uploads\/2025\/03\/tprint_holubutca_terkep-150x84.png 150w, https:\/\/t-print.hu\/wp-content\/uploads\/2025\/03\/tprint_holubutca_terkep-300x169.png 300w\" sizes=\"(max-width: 600px) 100vw, 600px\" \/><\/a>[\/et_pb_text][\/et_pb_column]<br \/>\n\t\t\t[\/et_pb_row]<br \/>\n\t\t[\/et_pb_section]<\/p>\n","protected":false},"excerpt":{"rendered":"<p>T-Print Kft. Telephely: 7100 Szeksz\u00e1rd,\u00a0Holub utca 10. Telefon: 74\/511-460 +36 20\/936 26 26 E-mail: info@t-print.hu Ad\u00f3sz\u00e1m: 11803450-2-42 C\u00e9gjegyz\u00e9ksz\u00e1m: 01-09-184473 El\u0151zetes egyeztet\u00e9s alapj\u00e1n budapesti \u00fcgyfeleinket v\u00e1rjuk sz\u00e9khely\u00fcnk\u00f6n Telefon: +36 20\/936 26 26 C\u00edm: 1078 Budapest, Nefelejcs utca 57.<\/p>\n","protected":false},"author":1,"featured_media":0,"parent":0,"menu_order":0,"comment_status":"closed","ping_status":"closed","template":"","meta":{"_et_pb_use_builder":"on","_et_pb_old_content":"T-Print Kft.\r\n\r\n<strong>Telephely: 7100 Szeksz\u00e1rd,\u00a0Holub utca 10.<\/strong>\r\n<table style=\"height: 196px;\" width=\"343\">\r\n<tbody>\r\n<tr>\r\n<td style=\"height: 10px;\">Telefon:<\/td>\r\n<td style=\"height: 10px;\">74\/511-460<\/td>\r\n<\/tr>\r\n<tr>\r\n<td style=\"height: 10px;\"><\/td>\r\n<td style=\"height: 10px;\">+36 20\/936 26 26<\/td>\r\n<\/tr>\r\n<tr>\r\n<td style=\"height: 10px;\">E-mail:<\/td>\r\n<td style=\"height: 10px;\">info@t-print.hu<\/td>\r\n<\/tr>\r\n<tr>\r\n<td style=\"height: 10px;\">Ad\u00f3sz\u00e1m:<\/td>\r\n<td style=\"height: 10px;\">11803450-2-42<\/td>\r\n<\/tr>\r\n<tr>\r\n<td style=\"height: 10px;\">C\u00e9gjegyz\u00e9ksz\u00e1m:<\/td>\r\n<td style=\"height: 10px;\">01-09-184473<\/td>\r\n<\/tr>\r\n<\/tbody>\r\n<\/table>\r\nEl\u0151zetes egyeztet\u00e9s alapj\u00e1n budapesti \u00fcgyfeleinket v\u00e1rjuk sz\u00e9khely\u00fcnk\u00f6n\r\n<table style=\"height: 65px;\" width=\"336\">\r\n<tbody>\r\n<tr>\r\n<td style=\"height: 10px;\">Telefon:<\/td>\r\n<td style=\"height: 10px;\">+36 20\/936 26 26<\/td>\r\n<\/tr>\r\n<tr>\r\n<td style=\"height: 10px;\">C\u00edm:<\/td>\r\n<td style=\"height: 10px;\">1078 Budapest, Nefelejcs utca 57.<\/td>\r\n<\/tr>\r\n<\/tbody>\r\n<\/table>\r\n\r\n<a href=\"http:\/\/t-print.hu\/wp-content\/uploads\/2025\/03\/tprint_holubutca_terkep.png\"><img src=\"http:\/\/t-print.hu\/wp-content\/uploads\/2025\/03\/tprint_holubutca_terkep.png\" alt=\"tprint_holubutca_terkep\" width=\"600\" height=\"338\" class=\"alignnone size-full wp-image-538\" \/><\/a>","_et_gb_content_width":"","footnotes":""},"class_list":["post-29","page","type-page","status-publish","hentry"],"aioseo_notices":[],"_links":{"self":[{"href":"https:\/\/t-print.hu\/index.php?rest_route=\/wp\/v2\/pages\/29","targetHints":{"allow":["GET"]}}],"collection":[{"href":"https:\/\/t-print.hu\/index.php?rest_route=\/wp\/v2\/pages"}],"about":[{"href":"https:\/\/t-print.hu\/index.php?rest_route=\/wp\/v2\/types\/page"}],"author":[{"embeddable":true,"href":"https:\/\/t-print.hu\/index.php?rest_route=\/wp\/v2\/users\/1"}],"replies":[{"embeddable":true,"href":"https:\/\/t-print.hu\/index.php?rest_route=%2Fwp%2Fv2%2Fcomments&post=29"}],"version-history":[{"count":17,"href":"https:\/\/t-print.hu\/index.php?rest_route=\/wp\/v2\/pages\/29\/revisions"}],"predecessor-version":[{"id":615,"href":"https:\/\/t-print.hu\/index.php?rest_route=\/wp\/v2\/pages\/29\/revisions\/615"}],"wp:attachment":[{"href":"https:\/\/t-print.hu\/index.php?rest_route=%2Fwp%2Fv2%2Fmedia&parent=29"}],"curies":[{"name":"wp","href":"https:\/\/api.w.org\/{rel}","templated":true}]}}